(-18) is divided by j?
0
Suppose -u - 87 = -2*u. Calculate the remainder when u is divided by 22.
21
Let z = 5 + -2. Suppose 41 = 2*d + z*d - 3*h, 0 = -3*d + h + 27. What is the remainder when 29 is divided by d?
9
Let l be 0*1/(-2) + -2. Let a be 42 + l/3*3. Suppose -4*h = 2*d - a, -2*d + 3*d - 2 = 4*h. Calculate the remainder when 27 is divided by d.
13
Calculate the remainder when 51 is divided by ((-22)/(-5))/(36/90).
7
Suppose -2*u + 4 = 4*s, 12 = 4*s - s - 3*u. Suppose 52 = 5*j - 4*a, 5*j + a + s*a = 66. What is the remainder when 45 is divided by j?
9
Let u = 29 - 22. Suppose -112 = -4*s + 4*t, 0*s + 5*t - 85 = -4*s. Calculate the remainder when s is divided by u.
4
What is the remainder when 10/3*264/16 is divided by 28?
27
Let i = 38 + -8. Calculate the remainder when i is divided by 12.
6
Suppose 5*q - 41 = 3*l - 5*l, 3*l + 4*q - 51 = 0. Suppose 0 = -5*k + 4*m + 41, -2*m - 4 = 4. Calculate the remainder when l is divided by k.
3
Let i(j) be the third derivative of -j**5/60 - 5*j**4/24 + j**3/2 - 2*j**2. What is the remainder when i(-5) is divided by 2?
1
Let w(k) = k**3 - 3*k**2 - 1 - 2*k - 2 + 1 - 2. Calculate the remainder when 7 is divided by w(4).
3
Suppose 4*b = -b + 85. Let d = -10 + b. What is the remainder when 25 is divided by d?
4
Calculate the remainder when (192 - -33)*2/6 is divided by 13.
10
Let o(j) = -j**2 - 3*j - 5. Let m be o(-5). Calculate the remainder when ((-126)/m)/(2/10) is divided by 11.
9
Suppose -2*o + 130 = b, 2*b + 384 - 68 = 5*o. What is the remainder when o is divided by 33?
31
Suppose 5*h + 2 + 3 = 0. Let f(p) = 10*p + 2. Let o(v) = 9*v + 3. Let g(c) = -4*f(c) + 3*o(c). Calculate the remainder when 41 is divided by g(h).
13
Suppose 4*t - 41 = -q + 79, 5*t - 159 = q. Calculate the remainder when 91 is divided by t.
29
Let f be 5/2*16/20. Suppose f*g + 6 = 46. What is the remainder when g is divided by 11?
9
Let d = 13 - 8. Suppose -2*c + 5*u - 9 = 0, u + 4 = -2*c + d*u. What is the remainder when 22 is divided by c?
6
Suppose 5*r = -0*r. Calculate the remainder when 45/6*(2 + r) is divided by 8.
7
Calculate the remainder when (25 - 3)*3/2 is divided by 18.
15
Suppose 2*c - 10 = u - 0*c, -3*c = -2*u - 21. Let s be (u/15)/(6/45). Calculate the remainder when 5 is divided by (-16)/(-6) + s/(-18).
2
Let j be -2 + -1 + 0 + 19. Suppose -4*p = j, -4*u - 5*p = -2 - 10. Suppose 35 = 5*i - 40. What is the remainder when i is divided by u?
7
Let k(m) = 31*m + 1. Calculate the remainder when k(1) is divided by 11.
10
Suppose 3*z = 3*v, 0 = 5*v + z + z - 28. Suppose 1 = -3*n + 4, -n = -v*q + 95. Calculate the remainder when 47 is divided by q.
23
Let x(h) = h + 24. What is the remainder when 67 is divided by x(-7)?
16
Calculate the remainder when 23 is divided by (1/(-2))/((-5)/130).
10
Suppose 4*n = -5*o + 100, 0 = 3*o + 2*o - 3*n - 65. Calculate the remainder when 61 is divided by o.
13
Suppose 6 = 2*s, -3*c - 6 + 0 = -3*s. Let y(l) be the first derivative of 5*l**2/2 - l - 9. Calculate the remainder when 6 is divided by y(c).
2
Let h = 21 - 6. Let m(r) be the second derivative of r**5/20 + 7*r**4/12 + 5*r**3/6 - r**2 - r. What is the remainder when h is divided by m(-6)?
3
Suppose 0 = 2*j - 8. Suppose -3*a = -9, 0 = 4*h - j*a - 67 - 9. Calculate the remainder when h is divided by 6.
4
Let y(a) = -a**3 + 5*a**2 - 5*a + 5. Let g be y(4). Let o be (-2*g)/(4/(-4)). Suppose 60 = 2*d + o*d. What is the remainder when 44 is divided by d?
14
Suppose -4*j = -5*j. Suppose -5*q + 10 = j, -k + 16 = k - 3*q. Let i = 4 + k. Calculate the remainder when 43 is divided by i.
13
Suppose -8*i - 174 = -2*i. Let c = i - -43. Calculate the remainder when 53 is divided by c.
11
Suppose 2*a - 11 = -y, 8*y = 4*y - 20. Let f be 0/1 - -6*2. What is the remainder when (f/15)/(2/35) is divided by a?
6
Let h = -31 - -50. Calculate the remainder when h is divided by 6.
1
Let g(j) = 3*j**2. Let s be g(-1). Suppose -s*c + 0 = -48. Let l(m) = -2*m**2 - 26*m + 6. Calculate the remainder when l(-12) is divided by c.
14
Let l(f) = 4*f**2 + 1. Let o(a) = 3*a**2 - 3*a - 4. Calculate the remainder when o(-3) is divided by l(2).
15
Let i(t) = t**2 - 11*t + 17. What is the remainder when 18 is divided by i(10)?
4
Let g(h) = -15*h + 2. Suppose 205 = 4*b + 4*q + 73, 5*q - 51 = -2*b. Let v = b + -26. Calculate the remainder when g(-3) is divided by v.
11
Suppose -3*t + 45 = 3. Calculate the remainder when (0 - 6)/(12/(-80)) is divided by t.
12
What is the remainder when (18/10)/((-12)/(-80)) is divided by 6?
0
Suppose 4*r + 106 = -122. Let b = 100 + r. What is the remainder when b is divided by 9?
7
Let n(z) = 29*z - 3*z - 7*z + 1. Calculate the remainder when n(2) is divided by 21.
18
Let w(z) = -z**3 + 6*z**2 - z. Let n be w(6). Let x = n + 34. Let c(y) = y**2 + y - 5. What is the remainder when x is divided by c(-5)?
13
Suppose -13*b = -5*b - 224. Calculate the remainder when b is divided by 8.
4
Suppose -4*i - c = -5*c - 168, 5*i + c - 204 = 0. What is the remainder when i is divided by 21?
20
Calculate the remainder when 13 is divided by -3 - (3 - 17) - 3.
5
Suppose -43*p = -44*p + 27. What is the remainder when 53 is divided by p?
26
Let g = -22 - -15. Let r(b) = -9*b + 2. What is the remainder when r(g) is divided by 17?
14
Let w be 138/4 + (-21)/14. Let b = w - 18. Calculate the remainder when 29 is divided by b.
14
Let t(z) = -z**2 + 18*z + 3. What is the remainder when t(15) is divided by 17?
14
Let s be (-3)/6*0/2. Let v = 1 - -1. Suppose s = 3*a - 2*b - 92, -v*b = 3*a - 0*b - 112. What is the remainder when a is divided by 18?
16
Suppose -295 = -10*w + 375. Calculate the remainder when w is divided by 34.
33
Let o(g) = 48*g + 5. Calculate the remainder when o(2) is divided by 35.
31
Let g = 124 - 73. Calculate the remainder when g is divided by 26.
25
Let h = 6 - 1. Let l(d) be the first derivative of -d**3/3 + 5*d**2/2 + 5*d + 9. Calculate the remainder when 12 is divided by l(h).
2
Suppose 5*r - 220 = -5*r. Calculate the remainder when r is divided by 5.
2
Suppose -3*i - i + 120 = 0. Suppose 2*y + i = 4*y. What is the remainder when 57 is divided by y?
12
What is the remainder when 74 is divided by 1/(3/(-75))*-1?
24
Let z(k) = 7*k**3 - k**2 + k. Let u be z(1). Suppose 0 = -4*n - u - 5. Let o(c) = c**3 + 3*c**2 - 3*c + 1. What is the remainder when 19 is divided by o(n)?
9
Suppose -4*y + 3 = -7*y. Let d = -302 - -307. What is the remainder when ((-2)/(-4))/(y/(-14)) is divided by d?
2
Calculate the remainder when 54 is divided by (-3 - -2)*(-11 - 0).
10
Suppose 4*o = -3*n - 1, 0 = 3*n + 2*o + 1 - 2. Calculate the remainder when 11/(n/4 - 0) is divided by 15.
14
Suppose -127 = -2*u + 3*x, -2*u - 2*x = -3*u + 64. Calculate the remainder when u is divided by 1/(-3) + (-192)/(-9).
20
Suppose 12 - 66 = -2*r. Calculate the remainder when r is divided by 14.
13
Let c(t) = 11*t**3 - t**2 + t. Let h = 3 - -18. Calculate the remainder when h is divided by c(1).
10
Let n = -63 + 76. Calculate the remainder when 35 is divided by n.
9
Let d(l) = -l**3 + 6*l**2 + 5. Calculate the remainder when d(6) is divided by 2.
1
Let i = -21 - -29. Calculate the remainder when 47 is divided by i.
7
Let u(n) = n**2 - n + 28. Let t be u(0). Suppose 2*k = -t + 56. Calculate the remainder when 55 is divided by k.
13
Let a(v) = v + 7. Let w = -2 + -1. Let x(h) = 5*h**3 + h**2 + h - 1. What is the remainder when x(1) is divided by a(w)?
2
Suppose 3*h = -4*o + 71, 0*h - 3*h = -3. What is the remainder when 66 is divided by o?
15
Suppose -h - 90 = -3*c, 0 = 5*h + 3 + 12. Let v(q) = q - 3. Let s be v(5). Let p(y) = y**3 + 3*y**2 - 3*y + 1. What is the remainder when c is divided by p(s)?
14
Let l(i) be the second derivative of -i**3/3 - 9*i**2 + 3*i. Let o(a) = -2*a. Calculate the remainder when o(-5) is divided by l(-12).
4
Let r(q) = -q**3 + 3*q**2 + 5*q - 4. Suppose -2*k + h - 2 = 0, 2*k + 10 = -3*h + 2*h. Calculate the remainder when (-62)/(-4)*(-1 - k) is divided by r(3).
9
Let a(c) = -1 + 3 + 1 - 4*c. What is the remainder when a(-3) is divided by 8?
7
Let s(u) = -u**2 + 5*u + 1. Let y = -209 + 212. Calculate the remainder when s(3) is divided by y.
1
Let v = -1 - -3. Let x be 2/((-4)/38)*-1. Suppose 3*d - x = v. Calculate the remainder when d is divided by 3.
1
Supp